*m. What are the prime factors of t?
3, 29
Let b(z) = -z**3 + 62*z**2 - 36*z + 1062. List the prime factors of b(58).
2, 5, 11, 113
Let f(u) = 3*u + 1. Let n be f(4). Suppose 0 = -3*v + 5*p + 1072 - 257, -5*p = 4*v - 1040. Suppose 8*q + v = n*q. What are the prime factors of q?
53
Let u be (-165)/(-9) + (-5)/(-3) + -2. Suppose 4*z + 2*h - 70 = 0, 23 = 2*z + 3*h - u. Suppose 0 = -17*g + z*g + 62. List the prime factors of g.
2, 31
Let b = -3679 - -10624. What are the prime factors of b?
3, 5, 463
Suppose 1226*k = 1229*k + 48. List the prime factors of (5*-2)/(-2) + k + 79.
2, 17
Suppose 4*u - 6124 = -r, 5*r + 0*u - 30548 = 4*u. List the prime factors of r.
2, 191
Let b = 19 - 9. Suppose -2*u - b = -7*u. Suppose -l + 316 = u*x + 3*l, 3*x + 2*l - 482 = 0. What are the prime factors of x?
2, 3
Suppose -4*o + 4*v + 94940 = 0, -9*o - v + 213633 = -4*v. What are the prime factors of o?
2, 11, 13, 83
Let h(o) = -6*o**2 - 339*o + 113. List the prime factors of h(-22).
13, 359
Suppose 0 = 395*x - 393*x - w - 115360, -2*w - 173043 = -3*x. List the prime factors of x.
137, 421
Let v be 18/(-4)*(-2)/(-4 + 5). Let u(m) = m**2 + 4*m - 4. Let j be u(2). Suppose j*q + 177 = v*q. List the prime factors of q.
3, 59
Let p = -23758 + 34606. What are the prime factors of p?
2, 3, 113
Let z = -38368 + 60717. What are the prime factors of z?
22349
What are the prime factors of (-30870)/(-4) - ((-231)/22 - -10)?
2, 17, 227
Let r(p) = 728*p + 1061. What are the prime factors of r(9)?
23, 331
Suppose -5*a - 699 = -79. Let y = 400 + a. Suppose -186 - y = -7*m. What are the prime factors of m?
2, 3, 11
Suppose -64*b + 33575 + 908335 + 407210 = 0. List the prime factors of b.
2, 5, 17, 31
Let b(u) = 32*u**3 + 2*u**2 - 6*u + 2. Let g be b(4). Suppose -g = -2*o - 2*w - 330, -3*o + 2571 = -4*w. Suppose -y - 6*y = -o. What are the prime factors of y?
3, 41
Suppose -4018676 = -217*y + 5909457 + 6465132. List the prime factors of y.
5, 29, 521
List the prime factors of 177755/5 + (80/(-48))/(5/6).
19, 1871
What are the prime factors of (-3*1176)/(-6) + 4?
2, 37
Suppose -63653 = -12*s + 16291 + 46224. What are the prime factors of s?
2, 7, 751
Let x be -3 + (1 - (-3 - 127)). Let d be x/(-2) - (-21 - -22). Let h = 133 + d. List the prime factors of h.
2, 17
Let o(c) = 9*c**2 + 95*c - 5. What are the prime factors of o(-33)?
6661
Let x be (-1)/(-2) - (-924)/(-88). List the prime factors of 199 - 0 - 50/x.
2, 3, 17
What are the prime factors of ((-3043)/(-3))/((-116)/(-696))?
2, 17, 179
List the prime factors of 9 + 16/(-8) + (-7 - -7716).
2, 3, 643
Suppose -52*k - 16018 + 20144 + 18702 = 0. What are the prime factors of k?
439
Suppose 0 = -g - 2*i + 365, 3*g - 5*i = -g + 1460. Let d = g + -152. What are the prime factors of d?
3, 71
Let n(d) = 19*d + 25. Let l be n(-1). What are the prime factors of (l + (-3955)/(-15))*3?
809
Let a = 202 + 79. Let j = a - -139. List the prime factors of j.
2, 3, 5, 7
Suppose -2*a - 16*u = -21098, 4*a = 4*u + 40397 + 1583. What are the prime factors of a?
10501
Let k(i) = 5*i**2 + 13*i + 80. List the prime factors of k(-17).
2, 163
Let a = 17690 - 10974. List the prime factors of a.
2, 23, 73
Let j(b) = -3*b + 59. Let w be j(-7). List the prime factors of (-64)/w - 208/(-10).
2, 5
What are the prime factors of 5706*(-3)/(-18)*10?
2, 3, 5, 317
Let o be 480/(-9) + 6/(-9). Suppose 1116 = 10*s - 34. Let r = o + s. What are the prime factors of r?
61
Let i(u) be the second derivative of -3*u**3 + 3*u**2/2 + u. Let g be i(-9). Suppose -11*l + 14*l - g = 0. List the prime factors of l.
5, 11
Let q be 124*(-9)/72*(77 - -1). Let f = -788 - q. List the prime factors of f.
421
List the prime factors of -57684*(-10 - 4)/28.
2, 3, 11, 19, 23
Let r(a) = 8*a**2 + 42*a + 2616. What are the prime factors of r(-54)?
2, 3, 1973
Let q be 1*(1 - ((3 - 2) + -2647)). List the prime factors of q/9 - (14/(-63))/(-2).
2, 3, 7
Let l(b) = 96*b**2 - 7*b - 9. Let q(a) = 4*a**3 - 2*a**2 + 6*a - 5. Let k be q(1). What are the prime factors of l(k)?
2, 3, 139
Let t be 542*-1*(-1 - 0 - 0). What are the prime factors of t + (2 + -3)*-3?
5, 109
Suppose 0 = -27*w + 28*w - 23. List the prime factors of 910 + w - 18/(-2).
2, 3, 157
List the prime factors of (-1 - 190/(-6))*(2 - 38505/(-102)).
2, 11, 23
Let h = -4 - -178. Suppose -2*b + 65 = -a, 4*a + 5*b = -486 + h. Let v = 115 + a. List the prime factors of v.
2, 3, 7
Suppose -88*w - 96548 = -30*w - 410502. List the prime factors of w.
5413
Let v = 16164 + -10900. What are the prime factors of v?
2, 7, 47
Let b = 71 - 69. Suppose -3*w - b*o = -1104, 16*w = 17*w - 2*o - 368. List the prime factors of w.
2, 23
Suppose 2995 = 13*i + 14942. Let t = i + 1510. List the prime factors of t.
3, 197
Let i be (5 + 2 + -7)/(-2). What are the prime factors of (-1 + i - 12/(-24))*-608?
2, 19
Suppose 388756 - 989610 = -16*n + 486426. What are the prime factors of n?
5, 13591
Let i = 92698 - 48299. List the prime factors of i.
29, 1531
Suppose 69*j - 67*j - 18 = 0. What are the prime factors of 2/(-4)*(j + (-2586)/6)?
211
Let w be (-7 - -1)/(-1 + (2 - 3)). What are the prime factors of ((-2)/(-14) - 1)/(w/(-357))?
2, 3, 17
Suppose 6*q - 8984 - 5584 = 0. Suppose 0 = -9*r + 4313 + q. List the prime factors of r.
7, 107
Let i(v) = -2*v**2 - v + 49. Let a be i(-5). Suppose 0 = -a*z + q + 4444, z = 5*q + 83 + 1028. What are the prime factors of z?
11, 101
What are the prime factors of (5556/(-8) - 0)*12/(-18)?
463
Let x(s) = -8819*s - 106. What are the prime factors of x(-1)?
8713
List the prime factors of -64*(-3)/6*(0 - -72).
2, 3
Let m(x) = -x**2 - 19*x - 16. Let l be m(-17). Let y be (l/(-27))/((-6)/(-9)). What are the prime factors of (y - 0) + (-340)/(-10)?
3, 11
Suppose 500*c - 511*c + 33 = 0, -4*z = c - 41543. What are the prime factors of z?
5, 31, 67
Let u(f) = 2*f**2 + 15*f - 4*f**2 + 1 + 4 + 0. Let c be u(7). Suppose -c*t + 2665 = t. What are the prime factors of t?
5, 41
Suppose -2*y = -2*g + 6618, -17*y = -g - 20*y + 3329. List the prime factors of g.
2, 1657
Let y = -3062 - -5338. List the prime factors of y.
2, 569
Suppose 5*r + 3011 - 751 = 0. Let n be (r/6)/((-18)/(-27)). What are the prime factors of n/(-5) - (-2)/5?
23
Suppose 248*q - 245*q - 186212 = -5*x, -x = q - 37242. What are the prime factors of x?
37243
Let v(n) = -1438*n**3 - 14*n - 14. Let h be v(-1). Let r = h + -529. What are the prime factors of r?
3, 101
Suppose -69*h = -153287 - 208618. List the prime factors of h.
5, 1049
Let o = -17 - 5. Let q = -309 - o. Let w = -137 - q. List the prime factors of w.
2, 3, 5
Let h = 671 - 755. Let b be 1*105/6*10. Let t = b + h. What are the prime factors of t?
7, 13
Let y(z) be the first derivative of -26*z - 24 + 35*z - 26*z - 14*z**2. What are the prime factors of y(-5)?
3, 41
Suppose -3*r + 2*h = 5902 - 45749, r - 2*h = 13289. Suppose 12*y - r = 5*y. List the prime factors of y.
7, 271
Let m(y) = 12392*y**2 - 257*y - 258. List the prime factors of m(-1).
12391
Let g(a) = 46*a**2 + 3*a - 12. Let l be g(-4). List the prime factors of 4/(-8)*-18 + l.
7, 103
Let t = 25 - 25. Suppose 43*w - 45*w + 62 = t. What are the prime factors of w?
31
Let x = -24 + 26. Let y be (1/(-2))/(x/(-12)). List the prime factors of y/((8/176)/((-3)/(-2))).
3, 11
Suppose 130*s + 158*s - 3682368 = 0. List the prime factors of s.
2, 3, 2131
Suppose 38*p = 63*p + 41*p - 1960860. List the prime factors of p.
2, 5, 2971
Let i be 0 + (256/18 - (-8)/(-36)). Let p = -3 + i. List the prime factors of 2/p + (-4216)/(-44).
2, 3
Let f be 6/4 - 165/(-22). Let g be f/15 - (-6)/10*49. Suppose 0 = 10*x - 4*x - g. List the prime factors of x.
5
Suppose 465 = -8*t - 895. Let y = t - -258. List the prime factors of y.
2, 11
Let p(w) = 2477*w - 169. What are the prime factors of p(22)?
5, 41, 53
Let a(x) = 8*x**3 + 37*x**2 + 39*x + 70. Let v(i) = -13*i**3 - 73*i**2 - 79*i - 141. Let o(g) = -5*a(g) - 3*v(g). What are the prime factors of o(35)?
2, 3, 53
Suppose 7*h - 5*h = -17*h + 120042. List the prime factors of h.
2, 3, 13
Suppose 96*p - 2700420 - 774 = 859542. List the prime factors of p.
29, 1279
Suppose -2*h + 6 = -0. Suppose 0*s = -3*s + h. Let d(z) = 160*z**2 - 3*z + 3. List the prime factors of d(s).
2, 5
Let y(m) = -41*m + 186*m + 31 - 12 + 605*m. List the prime f